s of 2667?
3, 7, 127
What are the prime factors of 2783?
11, 23
List the prime factors of 2853.
3, 317
List the prime factors of 55728.
2, 3, 43
What are the prime factors of 608?
2, 19
List the prime factors of 3208.
2, 401
List the prime factors of 225.
3, 5
List the prime factors of 4695.
3, 5, 313
What are the prime factors of 6913?
31, 223
List the prime factors of 10970.
2, 5, 1097
List the prime factors of 1308.
2, 3, 109
List the prime factors of 6979.
7, 997
What are the prime factors of 16292?
2, 4073
What are the prime factors of 1981?
7, 283
What are the prime factors of 299?
13, 23
What are the prime factors of 3183?
3, 1061
List the prime factors of 14476.
2, 7, 11, 47
List the prime factors of 3968.
2, 31
What are the prime factors of 28998?
2, 3, 179
List the prime factors of 13216.
2, 7, 59
What are the prime factors of 4632?
2, 3, 193
What are the prime factors of 1044?
2, 3, 29
List the prime factors of 78664.
2, 9833
What are the prime factors of 16798?
2, 37, 227
List the prime factors of 947.
947
List the prime factors of 785.
5, 157
List the prime factors of 66953.
23, 41, 71
List the prime factors of 3702.
2, 3, 617
List the prime factors of 15257.
11, 19, 73
What are the prime factors of 1161?
3, 43
What are the prime factors of 60012?
2, 3, 1667
What are the prime factors of 29327?
29327
List the prime factors of 76404.
2, 3, 6367
List the prime factors of 30481.
11, 17, 163
List the prime factors of 2639.
7, 13, 29
What are the prime factors of 4820?
2, 5, 241
What are the prime factors of 6709?
6709
What are the prime factors of 17865?
3, 5, 397
What are the prime factors of 34664?
2, 7, 619
What are the prime factors of 7254?
2, 3, 13, 31
What are the prime factors of 1067?
11, 97
What are the prime factors of 2923?
37, 79
What are the prime factors of 238?
2, 7, 17
List the prime factors of 102569.
109, 941
List the prime factors of 8112.
2, 3, 13
List the prime factors of 2310.
2, 3, 5, 7, 11
List the prime factors of 392.
2, 7
List the prime factors of 3019.
3019
List the prime factors of 7464.
2, 3, 311
List the prime factors of 928.
2, 29
What are the prime factors of 724?
2, 181
List the prime factors of 96277.
43, 2239
What are the prime factors of 1847?
1847
List the prime factors of 2598.
2, 3, 433
List the prime factors of 1851.
3, 617
What are the prime factors of 4449?
3, 1483
List the prime factors of 59968.
2, 937
List the prime factors of 17112.
2, 3, 23, 31
List the prime factors of 1787.
1787
List the prime factors of 287.
7, 41
List the prime factors of 288.
2, 3
List the prime factors of 11879.
7, 1697
List the prime factors of 1686.
2, 3, 281
List the prime factors of 1884.
2, 3, 157
List the prime factors of 4187.
53, 79
What are the prime factors of 2067?
3, 13, 53
List the prime factors of 1376.
2, 43
List the prime factors of 9042.
2, 3, 11, 137
What are the prime factors of 21084?
2, 3, 7, 251
List the prime factors of 31420.
2, 5, 1571
List the prime factors of 165.
3, 5, 11
List the prime factors of 48212.
2, 17, 709
List the prime factors of 2637.
3, 293
What are the prime factors of 92238?
2, 3, 15373
What are the prime factors of 5988?
2, 3, 499
What are the prime factors of 1992?
2, 3, 83
What are the prime factors of 7116?
2, 3, 593
List the prime factors of 28050.
2, 3, 5, 11, 17
What are the prime factors of 29694?
2, 3, 7, 101
List the prime factors of 886.
2, 443
List the prime factors of 6269.
6269
What are the prime factors of 14408?
2, 1801
What are the prime factors of 78900?
2, 3, 5, 263
List the prime factors of 7074.
2, 3, 131
What are the prime factors of 4443?
3, 1481
What are the prime factors of 3546?
2, 3, 197
What are the prime factors of 5405?
5, 23, 47
What are the prime factors of 45?
3, 5
What are the prime factors of 48837?
3, 73, 223
List the prime factors of 8991.
3, 37
List the prime factors of 2153.
2153
List the prime factors of 1354.
2, 677
What are the prime factors of 50332?
2, 12583
List the prime factors of 2556.
2, 3, 71
What are the prime factors of 8960?
2, 5, 7
What are the prime factors of 1735?
5, 347
List the prime factors of 8210.
2, 5, 821
What are the prime factors of 57057?
3, 7, 11, 13, 19
List the prime factors of 1258.
2, 17, 37
List the prime factors of 150.
2, 3, 5
What are the prime factors of 5744?
2, 359
List the prime factors of 38314.
2, 19157
List the prime factors of 1628.
2, 11, 37
What are the prime factors of 234?
2, 3, 13
List the prime factors of 30596.
2, 7649
What are the prime factors of 78728?
2, 13, 757
What are the prime factors of 818?
2, 409
What are the prime factors of 6577?
6577
List the prime factors of 8205.
3, 5, 547
List the prime factors of 970.
2, 5, 97
List the prime factors of 451.
11, 41
What are the prime factors of 986?
2, 17, 29
List the prime factors of 14304.
2, 3, 149
What are the prime factors of 194?
2, 97
List the prime factors of 12878.
2, 47, 137
List the prime factors of 451.
11, 41
What are the prime factors of 24061?
24061
What are the prime factors of 19507?
19507
List the prime factors of 14062.
2, 79, 89
What are the prime factors of 1468?
2, 367
What are the prime factors of 4398?
2, 3, 733
What are the prime factors of 171043?
171043
List the prime factors of 3220.
2, 5, 7, 23
What are the prime factors of 12520?
2, 5, 313
List the prime factors of 3278.
2, 11, 149
List the prime factors of 1479.
3, 17, 29
List the prime factors of 298.
2, 149
What are the prime factors of 797?
797
What are the prime factors of 18306?
2, 3, 113
What are the prime factors of 2860?
2, 5, 11, 13
List the prime factors of 6105.
3, 5, 11, 37
What are the prime factors of 2778?
2, 3, 463
What are the prime factors of 15446?
2, 7723
List the prime factors of 1125.
3, 5
List the prime factors of 2098.
2, 1049
What are the prime factors of 4337?
4337
What are the prime factors of 38546?
2, 19273
What are the prime factors of 1633?
23, 71
What are the prime factors of 6123?
3, 13, 157
What are the prime factors of 740?
2, 5, 37
List the prime factors of 62916.
2, 3, 7, 107
What are the prime factors of 7191?
3, 17, 47
What are the prime factors of 106793?
269, 397
What are the prime factors of 747?
3, 83
What are the prime factors of 2893?
11, 263
What are the prime factors of 2957?
2957
List the prime factors of 704.
2, 11
What are the prime factors of 857?
857
What are the prime factors of 138?
2, 3, 23
List the prime factors of 27798.
2, 3, 41, 113
List the prime factors of 5062.
2, 2531
What are the prime factors of 64630?
2, 5, 23, 281
What are the prime factors of 525?
3, 5, 7
List the prime factors of 1696.
2, 53
What are the prime factors of 90038?
2, 13, 3463
What are the prime factors of 3?
3
List the prime factors of 68704.
2, 19, 113
List the prime factors of 453.
3, 151
What are the prime factors of 10752?
2, 3, 7
What are the prime factors of 145602?
2, 3, 8089
List the prime factors of 20633.
47, 439
List the prime factors of 5183.
71, 73
What are the prime factors of 17328?
2, 3, 19
List the prime factors of 57952.
2, 1811
What are the prime factors of 2170?
2, 5, 7, 31
What are the prime factors of 2990?
2, 5, 13, 23
List the prime factors of 590.
2, 5, 59
List the prime factors of 4614.
2, 3, 769
What are the prime factors of 18745?
5, 23, 163
List the prime factors of 2371.
2371
What are the prime factors of 20331?
3, 251
What are the prime factors of 624?
2, 3, 13
List the prime factors of 9557.
19, 503
List the prime factors of 8704.
2, 17
List the prime factors of 234.
2, 3, 13
List the prime factors of 15055.
5, 3011
What are the prime factors of 1659?
3, 7, 79
List the prime factors of 1725.
3, 5, 23
What are the prime factors of 698?
2, 349
What are the prime factors of 46186?
2, 7, 3299
What are the prime factors of 5359?
23, 233
What are the prime factors of 36018?
2, 3, 23, 29
List the prime factors of 13777.
23, 599
List the prime factors of 3051.
3, 113
What are the prime factors of 44470?
2, 5, 4447
List the prime factors of 40114.
2, 31, 647
List the prime factors of 88026.
2, 3, 17, 863
List the prime factors of 4321.
29, 149
List the prime factors of 226.
2, 113
What are the prime factors of 543?
3, 181
List the prime factors of 3822.
2, 3, 7, 13
List the prime factors of 25